100112 (base 3) in base 15?
122
What is a5 (base 16) in base 13?
c9
What is 4 (base 8) in base 9?
4
-1 (base 13) to base 8
-1
Convert -3 (base 4) to base 14.
-3
Convert 3 (base 9) to base 15.
3
131 (base 8) to base 4
1121
Convert -243 (base 6) to base 5.
-344
10 (base 4) to base 6
4
What is -102 (base 3) in base 11?
-10
-54 (base 6) to base 7
-46
Convert -17 (base 12) to base 14.
-15
-4 (base 9) to base 4
-10
Convert -1 (base 11) to base 8.
-1
What is -102100 (base 3) in base 15?
-156
7 (base 15) to base 14
7
6 (base 12) to base 5
11
Convert -2 (base 14) to base 12.
-2
19 (base 13) to base 10
22
What is 88 (base 15) in base 10?
128
What is -5 (base 7) in base 15?
-5
4 (base 8) to base 2
100
416 (base 9) to base 12
243
30 (base 4) to base 12
10
-4 (base 11) to base 6
-4
What is -15 (base 6) in base 2?
-1011
Convert 3 (base 9) to base 14.
3
What is 6a (base 11) in base 15?
51
Convert -32 (base 10) to base 15.
-22
Convert -80 (base 11) to base 3.
-10021
21 (base 3) to base 7
10
Convert -56 (base 10) to base 13.
-44
Convert -42 (base 6) to base 5.
-101
Convert 5 (base 10) to base 15.
5
-1 (base 14) to base 2
-1
Convert -10 (base 7) to base 14.
-7
-10 (base 2) to base 15
-2
2 (base 5) to base 13
2
-22 (base 13) to base 11
-26
Convert -1e (base 15) to base 10.
-29
What is 2122 (base 3) in base 16?
47
Convert -2 (base 8) to base 3.
-2
What is 51 (base 10) in base 12?
43
What is -111 (base 2) in base 5?
-12
What is -11 (base 8) in base 6?
-13
Convert 52 (base 13) to base 15.
47
Convert 0 (base 8) to base 10.
0
What is -7 (base 10) in base 4?
-13
Convert 12122 (base 3) to base 15.
a2
What is -110 (base 2) in base 9?
-6
Convert 51 (base 11) to base 15.
3b
What is 45 (base 9) in base 13?
32
What is -22 (base 6) in base 15?
-e
What is -3 (base 12) in base 8?
-3
-7 (base 10) to base 3
-21
Convert -27 (base 10) to base 14.
-1d
-63 (base 10) to base 5
-223
Convert 342 (base 6) to base 14.
98
-20 (base 12) to base 9
-26
What is 21 (base 11) in base 5?
43
Convert -5d (base 16) to base 4.
-1131
Convert -11 (base 15) to base 14.
-12
Convert -21 (base 9) to base 3.
-201
Convert -2 (base 9) to base 5.
-2
Convert 31 (base 9) to base 11.
26
What is -36 (base 7) in base 4?
-123
17 (base 16) to base 13
1a
What is -3 (base 9) in base 4?
-3
7 (base 10) to base 11
7
What is -1 (base 10) in base 4?
-1
Convert 1 (base 12) to base 16.
1
Convert 155 (base 9) to base 4.
2003
Convert 1 (base 8) to base 14.
1
What is -201 (base 4) in base 7?
-45
Convert -46 (base 12) to base 15.
-39
Convert -55 (base 6) to base 11.
-32
Convert 1132 (base 5) to base 8.
247
Convert 10001110 (base 2) to base 7.
262
112 (base 3) to base 11
13
What is -56 (base 8) in base 13?
-37
What is 36 (base 8) in base 15?
20
104 (base 5) to base 10
29
What is -18 (base 10) in base 14?
-14
-2002 (base 3) to base 9
-62
What is 5 (base 12) in base 5?
10
What is 100 (base 3) in base 2?
1001
What is 4 (base 8) in base 5?
4
Convert -53 (base 6) to base 2.
-100001
-10 (base 10) to base 16
-a
Convert 22 (base 5) to base 2.
1100
-10101 (base 2) to base 7
-30
Convert 21010 (base 3) to base 2.
11000000
Convert 244 (base 7) to base 5.
1010
What is -36 (base 15) in base 12?
-43
Convert -30 (base 4) to base 3.
-110
Convert 1001001 (base 2) to base 14.
53
What is -6 (base 10) in base 2?
-110
Convert -205 (base 10) to base 15.
-da
What is 13 (base 4) in base 3?
21
Convert -2 (base 10) to base 2.
-10
50 (base 16) to base 15
55
0 (base 8) to base 14
0
Convert 7 (base 10) to base 14.
7
Convert 3 (base 13) to base 3.
10
Convert 334 (base 6) to base 9.
154
206 (base 13) to base 6
1332
-3 (base 7) to base 6
-3
Convert -62 (base 7) to base 14.
-32
Convert d5 (base 16) to base 4.
3111
What is 2 (base 16) in base 10?
2
What is -75 (base 12) in base 5?
-324
What is -85 (base 11) in base 6?
-233
Convert 55 (base 16) to base 13.
67
104 (base 5) to base 7
41
3 (base 7) to base 6
3
What is -8 (base 10) in base 11?
-8
Convert 20 (base 7) to base 2.
1110
What is -5 (base 8) in base 4?
-11
What is 3 (base 11) in base 15?
3
-12 (base 3) to base 11
-5
-26 (base 13) to base 8
-40
Convert -7 (base 12) to base 11.
-7
19 (base 11) to base 16
14
-13 (base 8) to base 10
-11
What is -10 (base 5) in base 7?
-5
-11 (base 15) to base 16
-10
-321 (base 7) to base 8
-242
-47 (base 16) to base 9
-78
Convert 0 (base 15) to base 12.
0
2 (base 15) to base 9
2
-4 (base 13) to base 12
-4
What is -43 (base 12) in base 11?
-47
What is 100000111 (base 2) in base 11?
21a
What is 101 (base 2) in base 7?
5
Convert 3 (base 16) to base 7.
3
Convert -2 (base 9) to base 4.
-2
What is 108 (base 9) in base 12?
75
What is -151 (base 7) in base 13?
-67
What is 8 (base 11) in base 9?
8
Convert -2 (base 15) to base 5.
-2
What is -7 (base 9) in base 7?
-10
Convert -11 (base 16) to base 3.
-122
Convert -11 (base 6) to base 9.
-7
Convert 3 (base 4) to base 13.
3
Convert -1 (base 11) to base 15.
-1
What is 1110 (base 3) in base 2?
100111
What is 70 (base 14) in base 2?
1100010
Convert -40 (base 6) to base 13.
-1b
Convert -89 (base 14) to base 3.
-11111
What is 1010 (base 3) in base 13?
24
10221 (base 3) to base 7
211
363 (base 9) to base 16
12c
Convert 21 (base 11) to base 4.
113
What is 1 (base 9) in base 11?
1
Convert 4 (base 7) to base 9.
4
-3 (base 12) to base 10
-3
15 (base 10) to base 14
11
What is -1 (base 13) in base 5?
-1
Convert -51 (base 8) to base 12.
-35
Convert 122 (base 6) to base 5.
200
Convert -1c (base 13) to base 2.
-11001
What is 22 (base 11) in base 4?
120
0 (base 5) to base 2
0
b (base 12) to base 16
b
-65 (base 10) to base 15
-45
3 (base 9) to base 13
3
What is -121 (base 4) in base 13?
-1c
What is -4 (base 9) in base 11?
-4
What is 3 (base 11) in base 7?
3
3 (base 9) to base 8
3
What is 9 (base 12) in base 7?
12
-40 (base 7) to base 15
-1d
39 (base 13) to base 16
30
Convert 10001 (base 2) to base 11.
16
Convert -322 (base 6) to base 9.
-145
-11 (base 3) to base 12
-4
Convert -201 (base 8) to base 11.
-108
What is 3 (base 9) in base 7?
3
Convert -220 (base 3) to base 7.
-33
Convert 101 (base 2) to base 16.
5
19 (base 11) to base 6
32
-1000010 (base 2) to base 6
-150
What is 4 (base 11) in base 16?
4
102 (base 3) to base 6
15
Convert 1f (base 16) to base 8.
37
What is -5 (base 11) in base 15?
-5
What is -1 (base 6) in base 7?
-1
What is -dd (base 16) in base 8?
-335
-1ab (base 12) to base 2
-100010011
Convert 11 (base 9) to base 13.
a
What is -64 (base 16) in base 10?
-100
What is 231 (base 4) in base 8?
55
Convert 0 (base 11) to base 9.
0
Convert 410 (base 7) to base 11.
175
Convert -21 (base 4) to base 12.
-9
Convert 5 (base 7) to base 3.
12
1111010 (base 2) to base 9
145
Convert 43 (base 5) to base 7.
32
What is 44 (base 9) in base 13?
31
Convert -3 (base 7) to base 4.
-3
0 (base 6) to base 7
0
Convert 4 (base 11) to base 9.
4
21 (base 15) to base 10
31
-162 (base 12) to base 16
-da
Convert 1 (base 2) to base 5.
1
10 (base 3) to base 15
3
Convert -3 (base 12) to base 2.
-11
What is 2 (base 16) in base 5?
2
Convert -14 (base 7) to base 9.
-12
What is 7 (base 10) in base 4?
13
What is 33 (base 4) in base 6?
23
-1 (base 11) to base 2
-1
-20 (base 6) to base 7
-15
Convert -184 (base 14) to base 2.
-100111000
What is -11 (base 2) in base 16?
-3
What is 10 (base 14) in base 11?
13
Convert 2 (base 4) to base 14.
2
What is -12 (base 13) in base 15?
-10
What is 351 (base 7) in base 5?
1213
222 (base 3) to base 14
1c
Convert 8 (base 11) to base 4.
20
3 (base 16) to base 3
10
-76 (base 12) to base 6
-230
12 (base 14) to base 4
100
What is -10 (base 11) in base 13?
-b
-200 (base 3) to base 13
-15
4b (base 12) to base 6
135
Convert 25 (base 7) to base 15.
14
What is -71 (base 11) in base 15?
-53
What is -2b (base 16) in base 6?
-111
-2 (base 8) to base 12
-2
What is 87 (base 15) in base 3?
11201
What is 3 (base 14) in base 16?
3
-1 (base 10) to base 11
-1
Convert 0 (base 2) to base 12.
0
What is -176 (base 9) in base 8?
-226
-1 (base 8) to base 16
-1
-5 (base 7) to base 15
-5
Convert a (base 15) to base 3.
101
Convert -3 (base 12) to base 15.
-3
What is 3 (base 12) in base 8?
3
Convert -11 (base 16) to base 4.
-101
What is 22 (base 10) in base 9?
24
-10 (base 5) to base 3
-12
What is -112 (base 11) in base 3?
-11222
Convert 13 (base 15) to base 3.
200
-332 (base 4)